c19 (base 16) in base 6?
-21503305
-34023050 (base 6) to base 8
-3733106
What is 4478547 (base 9) in base 6?
123424411
101001101101111011011 (base 2) to base 10
1367003
Convert -72600 (base 8) to base 6.
-351132
535052 (base 7) to base 6
1554302
11001133010 (base 4) to base 6
44120152
Convert a4a35 (base 11) to base 12.
74646
What is 1b5653c (base 13) in base 12?
3053777
10013503 (base 7) to base 13
22c6a5
What is 60936 (base 10) in base 2?
1110111000001000
-40434c (base 16) to base 14
-7b8b5a
Convert -61a6b (base 16) to base 4.
-1201221223
What is 1010010100100001010111 (base 2) in base 11?
1588751
Convert 1220123221 (base 4) to base 12.
187661
Convert -967c39 (base 13) to base 9.
-6570781
What is -146ce9 (base 15) in base 10?
-985044
Convert 164763 (base 10) to base 6.
3310443
What is 69118 (base 15) in base 12?
141605
Convert 3b8f7f (base 16) to base 14.
738715
Convert -12342141434 (base 5) to base 16.
-e7d519
Convert 2242216 (base 10) to base 2.
1000100011011010101000
What is -29a3250 (base 11) in base 6?
-302123253
-635466 (base 8) to base 7
-1541252
Convert 133203333 (base 4) to base 10.
129279
What is 20001402 (base 6) in base 11?
352a04
Convert 104151 (base 14) to base 9.
1026154
Convert 241022445 (base 6) to base 10.
4528829
-247c20 (base 13) to base 14
-18a875
What is -3a1a19 (base 12) in base 10?
-957045
-3030231331 (base 4) to base 9
-1517214
What is 1111200101122 (base 3) in base 7?
6543326
Convert 92faf (base 16) to base 11.
381351
What is 3836663 (base 10) in base 2?
1110101000101011110111
Convert -10100101011110001 (base 2) to base 3.
-11022012211
What is 220211100112 (base 3) in base 12?
1b697b
What is -391670 (base 15) in base 14?
-51404c
-12423 (base 5) to base 6
-4324
Convert 1000100101101001 (base 2) to base 6.
430505
-11120122 (base 4) to base 13
-a057
1224459 (base 12) to base 9
6573826
Convert 161718 (base 10) to base 9.
265746
-6546105 (base 8) to base 4
-12230301011
What is -12122045 (base 6) in base 7?
-3156521
Convert -231198 (base 10) to base 7.
-1652022
Convert -21012111212012 (base 3) to base 10.
-3828605
What is -4313230 (base 6) in base 11?
-1352a5
1202324102 (base 5) to base 8
12457311
-9a2352 (base 15) to base 2
-11100000001111110011111
Convert -1346215 (base 7) to base 16.
-2be82
Convert 50027037 (base 8) to base 7.
155141103
78992b (base 14) to base 7
46560154
2222000003 (base 4) to base 15
db4b8
11102100001 (base 3) to base 4
111033103
-8721d0 (base 14) to base 12
-1648b36
335a2 (base 15) to base 12
7a5a5
What is -a89b (base 16) in base 13?
-16853
Convert 1101030302 (base 4) to base 7.
2553443
What is 1310402325 (base 6) in base 2?
111010110110101000101101
What is 1131130401 (base 5) in base 14?
4b9163
Convert 243340211 (base 6) to base 3.
22202010012221
Convert 1010111101011110101101 (base 2) to base 15.
3bb50b
Convert 231400031 (base 5) to base 16.
fed36
449209 (base 10) to base 14
b99c5
Convert -2213332002 (base 5) to base 16.
-499bc2
Convert -15463544 (base 8) to base 12.
-123b398
-554885 (base 9) to base 4
-1100332223
What is -1c8687 (base 16) in base 7?
-21614166
Convert 1667832 (base 11) to base 12.
b49281
522ab (base 14) to base 12
96793
3331105 (base 8) to base 2
11011011001001000101
What is 55315 (base 15) in base 2?
1000010000101100111
20070712 (base 8) to base 5
2040122214
What is -18b84b (base 15) in base 6?
-41443055
What is -545033 (base 6) in base 13?
-17733
Convert 2225637 (base 8) to base 15.
bd111
Convert -200133400 (base 7) to base 5.
-10424223322
Convert -11100010000100011 (base 2) to base 15.
-24467
-1cac6 (base 14) to base 8
-217406
Convert -31147 (base 11) to base 7.
-246303
Convert 469e9 (base 15) to base 4.
312323202
Convert -11001111010001101101111 (base 2) to base 16.
-67a36f
What is 4030244212 (base 5) in base 10?
8056182
What is -6f95 (base 16) in base 8?
-67625
Convert 6a6a52 (base 13) to base 16.
269433
Convert -13303300021 (base 4) to base 10.
-2046985
-2132223312 (base 4) to base 8
-2365366
What is 122122102111100 (base 3) in base 4?
203301123033
Convert 3a2700 (base 11) to base 10.
633072
What is 12992 (base 14) in base 5?
2431141
Convert -10000000121 (base 3) to base 9.
-100017
What is -92238 (base 11) in base 9?
-224712
What is 20002425 (base 6) in base 2?
10001000110101010001
Convert a41c (base 14) to base 5.
1401000
453906 (base 10) to base 6
13421230
What is -210101102012 (base 3) in base 15?
-84ac5
Convert -144342254 (base 6) to base 7.
-34425121
What is -54c06 (base 14) in base 4?
-302021212
What is 10100001011110010001 (base 2) in base 14?
133065
a352 (base 14) to base 15
84d5
Convert -12020210000200 (base 3) to base 6.
-135451330
Convert 41112144 (base 5) to base 4.
1101012032
What is -111000010001001000110 (base 2) in base 9?
-3420166
Convert 727571 (base 8) to base 9.
407275
What is 2ea82a (base 16) in base 6?
145312014
-143275 (base 9) to base 8
-253236
-16a59a (base 15) to base 11
-690064
Convert -121012010220000 (base 3) to base 10.
-8604306
What is 1760125 (base 11) in base 10?
2986912
Convert -121102202011110 (base 3) to base 5.
-4213444034
Convert -555432503 (base 6) to base 11.
-5756248
What is -23030310 (base 4) in base 13?
-17b5c
Convert 26c6c5 (base 14) to base 12.
547859
Convert 2110212022 (base 3) to base 12.
2425b
What is 13220133 (base 4) in base 13?
112cb
What is 140542 (base 13) in base 7?
4064116
What is -141320 (base 12) in base 5?
-41141320
-3115472 (base 10) to base 9
-5767555
What is 22137740 (base 8) in base 16?
48bfe0
Convert 78485 (base 9) to base 10.
52160
Convert -520707 (base 10) to base 11.
-326240
Convert 50857 (base 13) to base 2.
100011001101100101
What is 1657688 (base 10) in base 15?
22b278
-11251242 (base 9) to base 3
-101021201021102
320102321 (base 4) to base 2
111000010010111001
What is -110110011100010010 (base 2) in base 13?
-7a665
What is 78bba (base 13) in base 8?
654573
-81607 (base 11) to base 5
-12303232
Convert 303011001 (base 4) to base 13.
742c8
-1145c (base 13) to base 7
-160604
What is c4601 (base 13) in base 7?
2665541
Convert 307093 (base 12) to base 4.
2321032233
What is 120615 (base 8) in base 9?
62652
1053340 (base 8) to base 11
184731
204a4 (base 16) to base 13
4827b
Convert -2120012221202 (base 3) to base 12.
-55856b
What is -354024451 (base 6) in base 16?
-6525af
2205642 (base 7) to base 13
96435
Convert 40816 (base 10) to base 2.
1001111101110000
What is 177391 (base 10) in base 8?
532357
Convert -402356 (base 7) to base 4.
-100220012
-22132246 (base 7) to base 3
-10120220012111
-58627 (base 12) to base 13
-41b78
What is 11151303 (base 7) in base 16?
ecf01
Convert 934436 (base 11) to base 15.
1e9339
What is 113a59 (base 11) in base 7?
1352402
What is -2b1b58 (base 16) in base 5?
-1210400143
What is -6964620 (base 10) in base 3?
-111002211122220
Convert -2531563 (base 8) to base 15.
-dcbd4
-11022003013 (base 4) to base 10
-1351879
-244565 (base 8) to base 4
-110211311
What is -1941a5 (base 11) in base 16?
-48d8c
What is 1464851 (base 10) in base 11?
910623
What is -121011212202000 (base 3) in base 15?
-b4cd30
Convert -220321211 (base 4) to base 15.
-34985
Convert -388a1 (base 12) to base 15.
-17d8a
260c78 (base 16) to base 5
1114243220
What is eb28c (base 16) in base 4?
3223022030
-270332 (base 8) to base 6
-2005054
Convert -2524312 (base 6) to base 13.
-49a45
Convert -1210010001200 (base 3) to base 13.
-272085
-170771 (base 8) to base 5
-3440240
-27559 (base 11) to base 8
-114544
581085 (base 11) to base 2
11100001100010011111
1163463 (base 9) to base 13
191b20
-203114401 (base 5) to base 2
-11001011001111011100
What is 105855 (base 10) in base 4?
121311333
Convert 100111011111110101011 (base 2) to base 6.
43423523
What is -411233354 (base 6) in base 16?
-6bcec6
What is -129299 (base 10) in base 9?
-216325
Convert -2110220110 (base 3) to base 9.
-73813
2063220 (base 7) to base 4
331033131
Convert -532143 (base 6) to base 4.
-22203333
What is 1333244 (base 7) in base 14?
48424
What is 2676c4 (base 15) in base 7?
21463522
What is -22212022102221 (base 3) in base 15?
-630a11
Convert -1e5a7 (base 15) to base 12.
-49471
24024041 (base 5) to base 16
35d69
2600311 (base 9) to base 12
584331
-31031231 (base 6) to base 4
-3121130203
What is 15526422 (base 8) in base 14?
693bc6
What is -168006 (base 12) in ba